r**2 + 2 - t*r + 4*r**2 - 3*r**2. Let v be 1*(2 + -3 + 3). Determine w(v).
6
Suppose 2*g + 13 = -y - 6, 0 = -5*y - 4*g - 71. Let b(m) = -7 - 3*m - 2*m**2 + m**2 + 6 - 15 - 10*m. Calculate b(y).
6
Let r(h) = h**2 + 1. Suppose -10*m + 4 = -9*m. Suppose f - 540 = 5*f. Let t be (-105)/f - m/(-18). What is r(t)?
2
Let u(g) be the first derivative of -g**2/2 - 4*g + 70. Give u(-5).
1
Let l = 688 + -684. Let v(s) be the second derivative of l*s + 0 - 1/2*s**3 + 1/2*s**2. Calculate v(-2).
7
Let z(w) = w**2 + 2*w + 1. Let a be z(-3). Suppose a*t - 4 = -4*g, g - 5 = -0*t - 3*t. Let l(o) = 3 + 0 - t - 2*o**2 - 3*o + 0. Calculate l(-3).
-8
Let g(u) = 9*u**3 - 46*u**2 + 4*u + 7. Let a be g(5). Let j(z) = -z. Determine j(a).
-2
Let p(a) = 12*a - 17*a + 2*a + 2*a + 1. Determine p(-9).
10
Let h(b) = b. Let z(t) = -4*t - 1. Let m(s) = 10*h(s) + 2*z(s). Let l(k) = 2*k**2 - 10*k - 30. Let r be l(7). Calculate m(r).
-6
Let l(p) = -p - 4. Let h(d) = -2*d - 5. Let o = -20 + 23. Let z(y) = o*l(y) - 2*h(y). What is z(-5)?
-7
Suppose -5*z + 0*z = 0. Let q(g) = 3*g**2 + z*g**3 - 4*g**2 + 0*g + 6*g**3 - g. Give q(-1).
-6
Let c(h) = -15*h - 5. Let s be -4*15/40*(1 - -1). Give c(s).
40
Let g(v) be the second derivative of v**4/12 - 7*v**3/6 + v**2 + 6*v. Let n = -418 + 424. Give g(n).
-4
Let p(x) be the second derivative of -1/120*x**5 + 5/24*x**4 + 1/2*x**3 + 0 + 0*x**2 - 4*x. Let y(t) be the second derivative of p(t). Give y(6).
-1
Let b be (19/(-57))/(1/(-129)). Let f(x) = 16*x + 2 + 24*x - b*x - x**2. Determine f(-3).
2
Let w(y) = y - 6. Let z(s) = -s + 3. Let j(u) = -w(u) - 2*z(u). Calculate j(-1).
-1
Suppose 0 = 13*y - 4*y - 36. Suppose -4*d - 20 + 8 = y*v, -4*v + 3*d = 5. Let b(q) be the first derivative of q**2 - 2*q + 1. Give b(v).
-6
Let c(m) = -m. Let s(k) = k**2 - 2*k + 4. Let r be s(2). Suppose -r*a + 10 = -14. Determine c(a).
-6
Let z(r) be the first derivative of 3*r**2/2 + 6*r - 96. Give z(6).
24
Let w(j) = -4*j**3 + 2*j**2 - 2*j + 1. Suppose 4*a + 3*u + 0*u = 0, 0 = 5*a + 3*u + 3. Let r be (-6)/2 - a - -1. What is w(r)?
-3
Suppose 706*a = 704*a + 6. Let f(n) = -2*n + 2. Calculate f(a).
-4
Let k(n) = -82*n**2 + 158*n**2 + 2*n**3 - 73*n**2 - 6*n + 2*n. Suppose 3*b = b - 5*f - 11, 4*b = -f - 13. What is k(b)?
-15
Let j = 6 - 5. Suppose -d - j = -3. Let y(n) = 9 - n**3 + n + 3 - 7 + 0*n - 7*n**d. Give y(-7).
-2
Let m(y) = 23*y**2 - 6*y + 27*y**2 - y - 51*y**2. Determine m(-6).
6
Let a(p) = p + 9. Let z(m) = -2*m - 1. Let n be z(-5). Suppose -25 = n*w - 4*w. Determine a(w).
4
Suppose -48 = -2*k - 4*k. Let x(c) = 4 + k*c + 0 - 5 - 5 - c**2. What is x(4)?
10
Let a be (0 + (0 - 1))/((-3)/9). Let c(k) = -10 + 0*k + 4*k**3 - 4*k**2 - 3*k**a + 12 + 2*k. Calculate c(3).
-1
Let f(x) be the second derivative of x**3/6 - 11*x**2 + 4*x - 2. Determine f(0).
-22
Let z(y) = -y + 9. Let r(d) = -1. Let j(q) = 4*r(q) + z(q). Give j(6).
-1
Let o(l) = -13. Let c(r) = 3*r - 1. Let y(h) = -c(h) + o(h). Determine y(-8).
12
Let y(h) = -2*h**2 + 4 + 7 + h**2 + h - 10 - 5*h. Determine y(-3).
4
Suppose -3*n + 10 - 1 = -3*i, -n = 4*i - 3. Let r(l) = -l**2 - l - 5*l**2 + l**n + 5*l**2 - l**2. Give r(-2).
-14
Let w(c) = -8*c**2 + 6*c - 24. Let p(y) = -4*y**2 + 3*y - 13. Let q(d) = 11*p(d) - 6*w(d). What is q(2)?
11
Let t(a) = a - 4. Let d(m) be the first derivative of 1/2*m**2 - 5 + 0*m. Let f be d(-3). Calculate t(f).
-7
Suppose -6*i = -4*i + 6. Let s be (18/15)/(i/(-20)). Suppose o + 4 = 5*l, -3*o - s = 2*l + 4. Let v(g) = 4*g + 6. Determine v(o).
-10
Let y(l) be the second derivative of 0 - 6*l + 3/2*l**2 + 2/3*l**3. Let z(u) = u**3 - 5*u**2 - 7*u + 2. Let f be z(6). Give y(f).
-13
Let k(f) = -f. Let n be k(4). Let s(a) be the second derivative of -a**4/12 - 2*a**3/3 - 905*a. Calculate s(n).
0
Let g(l) = -5*l - 10. Let k(r) = -14*r - 28. Let h(i) = -11*g(i) + 4*k(i). Determine h(-5).
3
Suppose -15*u - 32 = -0*u + 58. Let l(b) = -b + 5*b + 0 - 2 - b**3 - 5*b**2. Calculate l(u).
10
Let b(h) = -h**3 - 3*h**2 + 3*h - 1. Suppose 2*k - 55 = -5*x, -127 - 3 = -3*k + 2*x. Let z = k + -26. Let t = z - 18. Give b(t).
3
Let x = 84 - 80. Let j(f) = -f**2 - 2*f + 4. Determine j(x).
-20
Let t = 907 - 902. Let a(o) = -o - 4. Calculate a(t).
-9
Let x(u) = -6 + 4*u - 4*u + 0*u + u. Suppose -m - 5*f = 6, 5*f = 3*m + 2*f. Let d = m + -4. Give x(d).
-11
Let m(x) = -x**2 + x. Let v(y) = 2*y**2 - 8*y - 3. Let g(r) = -3*m(r) - v(r). Let h(n) = n - 4. Let t be h(0). What is g(t)?
-1
Let t(m) = 26*m + 58. Let x(v) = -15*v - 28. Let p(n) = -3*t(n) - 5*x(n). What is p(-9)?
-7
Let c(x) = -10*x + 114*x**2 + x**3 + 132*x**2 - 7 - 253*x**2. Determine c(8).
-23
Let u(y) = 1 - 4 + y**3 - 1 + 4 + 6*y**2 - 2. Calculate u(-5).
23
Let z(f) = -6*f + 39 - 11 - 25 - 5*f. Suppose -3 = -2*i + 1. What is z(i)?
-19
Let o(c) = -c + 32. Let p(x) = -x + 24. Let u(g) = -4*o(g) + 5*p(g). Give u(7).
-15
Suppose 0 = -3*c - c + 20. Let z(w) be the second derivative of w**5/20 - 5*w**4/12 + w**3/6 + 5*w**2/2 + 7*w. What is z(c)?
10
Let s(n) = 6*n - 1. Let y(d) = 4*d - 1. Suppose -3*w - 8 = -2*w - 4*a, 0 = -4*w - a + 2. Let m be y(w). Calculate s(m).
-7
Let s(o) = -40 + 20 + o + 15. What is s(14)?
9
Let s(m) = 2*m - 15. Let h(w) = -30*w + 210. Let g(r) = -4*h(r) - 56*s(r). Let f be (3 - 0)*(-1 + 2). Suppose -2*y + 1 = -f*y. Calculate g(y).
-8
Let z(l) be the second derivative of -l**5/20 + 5*l**4/12 + l**3/3 - l**2/2 - 4*l - 3. Determine z(5).
9
Let h(o) be the second derivative of -o**5/20 - o**4/3 + 2*o**3/3 + 5*o**2/2 - 27*o. Suppose -8 = -3*a + 4*l, -4*a - 2*l = -6*l - 4. Give h(a).
-11
Let m = 360 - 357. Let i(j) = -2*j. What is i(m)?
-6
Let t(p) = 4*p + 2. Let s be t(-2). Let r be 2*s/4 + 1. Let d(f) = -f**3 - 3*f**2 + f - 1. Calculate d(r).
-7
Let w(h) = h**2 + 5*h + 10. Let t be w(-4). Let q(u) = -5*u + 7 - 4 + 5 - 2*u + u**2. What is q(t)?
2
Let j(i) = -i**3 - 10*i**2 - 6. Let r be j(-10). Let c be (-44)/r + (-2)/6. Let f(x) be the second derivative of -x**3/3 + 3*x**2 - 13*x. What is f(c)?
-8
Let h(d) = d**2 - d + 25. Suppose 0 = -4*t - 3*t. Determine h(t).
25
Let j(w) = 6*w**3 - w**2 - 12*w + 3. Let t(u) = -7*u**3 + 13*u - 4. Let v(g) = -6*j(g) - 5*t(g). What is v(7)?
2
Suppose -10*f - 2540 = -2570. Let h(b) = -b**3 + b**2 + 3*b + 1. Calculate h(f).
-8
Let b(y) be the second derivative of 4*y - 1/2*y**2 + 0 + 1/6*y**3. Calculate b(-2).
-3
Let n = 1 - -21. Suppose b + 0 = -s + 8, 5*s - n = b. Let t(h) = -h**2 + h. Let v(f) = -f**3 + 8*f**2 - 4*f + 4. Let a(j) = -3*t(j) - v(j). Calculate a(s).
1
Let y(i) = -25*i**3 - i. Let s(m) = -2*m**3 - 17*m**2 + 7*m - 17. Let a be s(-9). Give y(a).
-26
Let u(j) = j**2 - 7*j - 6. Suppose -3*h = 2*q - 9, 6*q = 2*q - h + 13. Let x(a) = 4*a**2 + 3 - 2*a**2 - 3*a + 3*a - 5*a. Let k be x(q). Give u(k).
-12
Let k(p) = 3*p**3 + 38*p**2 + 21*p - 16. Let v(h) = h**3 + 13*h**2 + 7*h - 5. Let o(f) = -4*k(f) + 11*v(f). What is o(-8)?
1
Let m = -123 - -123. Let g(r) be the first derivative of r**4/4 + r**2/2 + 12*r + 4. Determine g(m).
12
Suppose -5 = -h - 3. Suppose 3 = h*s - s. Let c(q) = -9*q - s + 10 + 8*q**2 + 1 + 0*q**3 - q**3. What is c(7)?
-6
Let d = 86 - 80. Let a(p) = -2*p - p**3 - 3 + 5*p**2 + 2 + 7*p. Give a(d).
-7
Let v(f) = -204 + 58 + 8*f + 56 + 89. Suppose 0 = y + 1 + 1. Let u be (y + 1)/2*-2. Give v(u).
7
Let h(i) = -5*i - 3 + 1 + 1 - 1. Let o(f) = -2 + 6 + f + 7. Let k be o(-9). What is h(k)?
-12
Let p(o) = o - 4*o**3 + 6*o**3 - 14 + 12 + 0*o**3. Let s be p(1). Let x(u) = u**2. What is x(s)?
1
Let f(v) = 19*v**2 + 16*v**2 - 48*v**2 + 15*v**2 - v - 4. Let b(d) = -2*d - 3. Let w be b(-3). Calculate f(w).
11
Let w(z) = 460 + 8*z - 470 + z + z**2. Calculate w(-7).
-24
Suppose 2 = 4*b - y + 105, -4*y + 22 = -b. Let s = 28 + b. Let l(n) = -6*n**2 + 2. Calculate l(s).
-22
Let v(r) = -400*r**3 - 46 + 381*r**3 + 47 + r. Give v(-1).
19
Suppose k - 6 = 3*z - 3, 0 = -2*k + z + 6. Let j(v) = -k + 7*v - 4*v**2 - 5*v**2 + 10*v**2. What is j(-6)?
-9
Let j be (0 + -4 + 3)*(0 + -5). Let b(t) = t + 7. What is b(j)?
12
Suppose 1 = -a - 0*l - 3*l, 0 = 3*l + 3. Let p be ((-42)/35)/(a/5). Let i(q) = -6*q - 1. Let x(o) = 5*o + 1. Let n(b) = 4*i(b) + 5*x(b). What is n(p)?
-2
Let c(d) = d**3 + 7*d**2 + 6*d + 1. Suppose -36 - 24 = 3*y. Let k = y + 12. Let l be (27/6)/(6/k). Give c(l).
1
Let q(i) = -i + 2. Let 